housands digit of 18171?
1
What is the units digit of 3721?
1
What is the thousands digit of 4475?
4
What is the units digit of 824?
4
What is the tens digit of 1299?
9
What is the tens digit of 4704?
0
What is the thousands digit of 125204?
5
What is the hundreds digit of 355?
3
What is the units digit of 6041?
1
What is the hundreds digit of 727?
7
What is the hundreds digit of 889?
8
What is the ten thousands digit of 10749?
1
What is the hundreds digit of 7111?
1
What is the thousands digit of 42092?
2
What is the thousands digit of 12338?
2
What is the units digit of 14013?
3
What is the tens digit of 56?
5
What is the tens digit of 86572?
7
What is the tens digit of 2873?
7
What is the hundreds digit of 17012?
0
What is the tens digit of 159?
5
What is the units digit of 3684?
4
What is the thousands digit of 80252?
0
What is the units digit of 522?
2
What is the tens digit of 791?
9
What is the hundreds digit of 371?
3
What is the units digit of 7590?
0
What is the hundreds digit of 8120?
1
What is the thousands digit of 3122?
3
What is the units digit of 6786?
6
What is the tens digit of 24483?
8
What is the ten thousands digit of 23177?
2
What is the tens digit of 783?
8
What is the ten thousands digit of 18646?
1
What is the hundreds digit of 1194?
1
What is the hundreds digit of 453?
4
What is the tens digit of 1296?
9
What is the tens digit of 1927?
2
What is the thousands digit of 2659?
2
What is the tens digit of 242?
4
What is the ten thousands digit of 80874?
8
What is the thousands digit of 7535?
7
What is the tens digit of 937?
3
What is the hundreds digit of 874?
8
What is the ten thousands digit of 46791?
4
What is the hundreds digit of 7207?
2
What is the hundreds digit of 7548?
5
What is the tens digit of 112938?
3
What is the thousands digit of 5763?
5
What is the hundreds digit of 19655?
6
What is the hundreds digit of 2052?
0
What is the thousands digit of 5492?
5
What is the hundreds digit of 1527?
5
What is the tens digit of 1030?
3
What is the thousands digit of 1901?
1
What is the tens digit of 47?
4
What is the thousands digit of 135455?
5
What is the units digit of 1618?
8
What is the hundreds digit of 7721?
7
What is the thousands digit of 16181?
6
What is the tens digit of 3097?
9
What is the thousands digit of 164975?
4
What is the hundreds digit of 775?
7
What is the thousands digit of 26564?
6
What is the ten thousands digit of 137988?
3
What is the hundred thousands digit of 129249?
1
What is the tens digit of 1255?
5
What is the hundreds digit of 165526?
5
What is the ten thousands digit of 158275?
5
What is the units digit of 3484?
4
What is the thousands digit of 4733?
4
What is the thousands digit of 1270?
1
What is the hundreds digit of 575?
5
What is the thousands digit of 5264?
5
What is the hundreds digit of 27354?
3
What is the hundreds digit of 37890?
8
What is the thousands digit of 91468?
1
What is the hundreds digit of 170?
1
What is the units digit of 1607?
7
What is the hundreds digit of 2304?
3
What is the units digit of 2341?
1
What is the hundreds digit of 10806?
8
What is the tens digit of 15338?
3
What is the tens digit of 279?
7
What is the units digit of 358?
8
What is the tens digit of 20688?
8
What is the thousands digit of 18636?
8
What is the units digit of 181?
1
What is the units digit of 22002?
2
What is the units digit of 76890?
0
What is the ten thousands digit of 22960?
2
What is the hundreds digit of 10605?
6
What is the hundreds digit of 381?
3
What is the units digit of 507?
7
What is the tens digit of 3171?
7
What is the ten thousands digit of 32813?
3
What is the thousands digit of 17625?
7
What is the hundreds digit of 2064?
0
What is the tens digit of 387?
8
What is the hundreds digit of 99224?
2
What is the units digit of 6981?
1
What is the hundreds digit of 1364?
3
What is the thousands digit of 2363?
2
What is the tens digit of 4220?
2
What is the hundreds digit of 3155?
1
What is the thousands digit of 40126?
0
What is the thousands digit of 7969?
7
What is the hundreds digit of 7369?
3
What is the hundreds digit of 164136?
1
What is the ten thousands digit of 82513?
8
What is the tens digit of 31194?
9
What is the units digit of 37114?
4
What is the thousands digit of 7518?
7
What is the units digit of 12659?
9
What is the hundreds digit of 712?
7
What is the tens digit of 798?
9
What is the ten thousands digit of 24200?
2
What is the tens digit of 894?
9
What is the units digit of 18044?
4
What is the thousands digit of 35750?
5
What is the tens digit of 433?
3
What is the units digit of 5888?
8
What is the tens digit of 410?
1
What is the tens digit of 262?
6
What is the thousands digit of 14089?
4
What is the hundreds digit of 30888?
8
What is the hundreds digit of 76079?
0
What is the tens digit of 68293?
9
What is the hundreds digit of 116122?
1
What is the units digit of 4132?
2
What is the tens digit of 2348?
4
What is the ten thousands digit of 108435?
0
What is the hundreds digit of 449?
4
What is the thousands digit of 2056?
2
What is the hundreds digit of 1045?
0
What is the units digit of 13462?
2
What is the thousands digit of 3479?
3
What is the units digit of 130920?
0
What is the tens digit of 7024?
2
What is the hundreds digit of 20856?
8
What is the tens digit of 722?
2
What is the thousands digit of 70701?
0
What is the units digit of 987?
7
What is the hundreds digit of 4133?
1
What is the thousands digit of 1164?
1
What is the units digit of 47632?
2
What is the units digit of 12807?
7
What is the hundreds digit of 758?
7
What is the units digit of 57386?
6
What is the tens digit of 4143?
4
What is the tens digit of 201?
0
What is the thousands digit of 2324?
2
What is the hundreds digit of 431?
4
What is the hundreds digit of 27679?
6
What is the hundreds digit of 2974?
9
What is the thousands digit of 11350?
1
What is the tens digit of 697?
9
What is the thousands digit of 9245?
9
What is the tens digit of 4389?
8
What is the hundreds digit of 4920?
9
What is the thousands digit of 20486?
0
What is the thousands digit of 16957?
6
What is the thousands digit of 46493?
6
What is the units digit of 16156?
6
What is the ten thousands digit of 58433?
5
What is the tens digit of 8183?
8
What is the hundreds digit of 8982?
9
What is the thousands digit of 8312?
8
What is the ten thousands digit of 21588?
2
What is the hundreds digit of 2528?
5
What is the units digit of 16135?
5
What is the units digit of 1900?
0
What is the ten thousands digit of 55738?
5
What is the units digit of 589?
9
What is the tens digit of 765?
6
What is the units digit of 14133?
3
What is the tens digit of 15409?
0
What is the tens digit of 2553?
5
What is the thousands digit of 2720?
2
What is the units digit of 9897?
7
What is the thousands digit of 16513?
6
What is the thousands digit of 2320?
2
What is the tens digit of 289?
8
What is the units digit of 1302?
2
What is the hundreds digit of 215?
2
What is the thousands digit of 72801?
2
What is the hundreds digit of 2904?
9
What is the tens digit of 109?
0
What is the units digit of 710?
0
What is the tens digit of 820?
2
What is the units digit of 3905?
5
What is the tens digit of 732?
3
What is the thousands digit of 4615?
4
What is the tens digit of 84?
8
What is the tens digit of 3599?
9
What is the units digit of 10127?
7
What is the tens digit of 1246?
4
What is the tens digit of 11669?
6
What is the thousands digit of 10125?
0
What is the hundreds digit of 15298?
2
What is the thousands digit of 1668?
1
What is the units digit of 671?
1
What is the hundreds digit of 2364?
3
What is the hundreds digit of 15105?
1
What is the thousands digit of 2027?
2
What is the hundreds digit of 1413?
4
What is the thousands digit of 26282?
6
What is the units digit of 898?
8
What is the units digit of 22655?
5
What is the ten thousands digit of 20104?
2
What is the hundreds digit of 21484?
4
What is the tens digit of 3041?
4
What is the tens digit of 496?
9
What is the units digit of 2294?
4
What is the hundreds digit of 44967?
9
What is the thousands digit of 2453?
2
What is the thousands digit of 9364?
9
What is the hundreds digit of 149465?
4
What is the hundreds digit of 401?
4
What is the thousands digit of 101451?